et h be ((-13)/2)/(6/(-12)). Let u(o) = o**2 - 15*o + 21. Let x be u(h). What are the prime factors of 1/2*(-230)/x?
23
Suppose 1 = -5*z + 11. Suppose 4*b + 2*u = -3*u + 36, 2*b - 16 = -z*u. Suppose -4*y + b*v = -0*y - 60, 3*v + 12 = 0. What are the prime factors of y?
11
Let d(a) = a**2 + a + 17. What are the prime factors of d(0)?
17
Let i(f) be the third derivative of -f**4/3 - 8*f**3/3 + 24*f**2. What are the prime factors of i(-5)?
2, 3
Suppose 4*p - 17 - 35 = 0. Let y = p + -13. Suppose y = 3*c - f - 107, 0 = -2*c - 2*f + 66 + 8. List the prime factors of c.
2, 3
What are the prime factors of -1 + -5 + (-1 - (2 - 6239))?
2, 5, 7, 89
Let k(u) = -86*u + 63. List the prime factors of k(-7).
5, 7, 19
Let a(f) = -f - 7. Let m be a(-8). Let w be (-1)/((-12)/(-15) - m). Suppose 0*n = 5*n - w*b - 75, 0 = 3*n - 5*b - 35. List the prime factors of n.
2, 5
Let d = 8 - 4. Suppose -d*o + 0*c - c = -223, -3*o + 172 = -4*c. Suppose -a - y - 4*y = -o, -90 = -2*a + y. List the prime factors of a.
2, 23
Let a be 27/5 + (-2)/5. Let l = 31 + -29. Suppose l*m - a*m = -132. What are the prime factors of m?
2, 11
What are the prime factors of (-351 - -36)/(1/(-2))?
2, 3, 5, 7
Let q = 2064 - 954. List the prime factors of q.
2, 3, 5, 37
Let a(i) = 43*i**2 - 2*i + 3. Let h be (-8)/10*90/(-36). List the prime factors of a(h).
3, 19
Let t(n) = -32*n - 3. Let m be t(-2). Let j be -35 + 4/(-1) + (-8)/(-2). Let f = m + j. What are the prime factors of f?
2, 13
Let z = -196 + 271. What are the prime factors of z?
3, 5
Suppose -1870 = -4*g + 5*x, g - 392 - 74 = 2*x. What are the prime factors of g?
2, 5, 47
Let g(m) = 5*m**2 - m - 10. Suppose 10*r = 5*r - 40. Let i be g(r). What are the prime factors of i/14 - 6/(-21)?
23
Let l be (2/8)/(2/((-16)/(-2))). Let f(k) = -k**3 + 3*k**2 + 4*k + 5. Let r be f(4). Let m = l + r. What are the prime factors of m?
2, 3
Suppose -2*x + x + 3*t + 8 = 0, 4*x - 2*t = 22. Suppose -x = -2*o - 1. Suppose 0 = -3*r + 5*u - 63 + 154, 0 = o*r + 2*u - 66. List the prime factors of r.
2
Let y(p) = 41*p**2 - 39*p - 236. What are the prime factors of y(-6)?
2, 11, 67
Let h(f) = -f**3 - 10*f**2 + 12*f + 11. Let u be h(-11). Suppose -3*i + i + 54 = u. List the prime factors of i.
3
Let h(l) = l**3 + 18*l**2 - 5*l + 9. Let p be h(-17). Suppose -5*y - 83 = -p. What are the prime factors of y?
2, 3, 5
Let c(g) = 110*g**2 - g - 2. Let v be c(-2). Suppose 10*x = 15*x - v. What are the prime factors of x?
2, 11
Suppose 33 = -0*m + 3*m + 5*x, -5*x = 0. Suppose -45*r + 39*r + 18 = 0. Suppose 2*h = r*h - m. List the prime factors of h.
11
Let m(h) be the second derivative of 4*h**4/3 + h**3/3 - 12*h. List the prime factors of m(3).
2, 3, 5
Suppose -24*o = 11*o - 170380. What are the prime factors of o?
2, 1217
Suppose -509*y + 499*y = -16420. What are the prime factors of y?
2, 821
What are the prime factors of 10/15 - (5 + 1814/(-6))?
2, 149
Suppose i = -5*k + 1483, 5*i - 62*k - 7550 = -60*k. What are the prime factors of i?
2, 13, 29
Suppose 3*i - 6*i = -30. Let a be (5/i)/(2/8). Suppose -6*l + 40 = 2*b - a*l, 2*b + 2*l = 46. What are the prime factors of b?
2, 13
Let h(i) = 15*i**2 - 4*i - 8. List the prime factors of h(-4).
2, 31
Let o = -12 - -8. Let v be o/2 - 92*-1. What are the prime factors of (-317)/(-15) - 12/v?
3, 7
Let l(d) = -d**3 + 14*d**2 - 9*d - 26. Let i be l(11). Suppose 0 = 17*m - 0*m - i. List the prime factors of m.
2, 7
Let f be (-2)/6 + 880/12. Suppose 5*k = f + 32. What are the prime factors of k?
3, 7
Let n = 204 - 170. List the prime factors of n.
2, 17
Let a(g) = -g**2 - 15*g - 11. Let d be a(-12). Let m = -14 + d. Suppose 3*t - 22 = 2*j + 27, 3*j - m = -2*t. What are the prime factors of t?
13
Let n = 237 + 167. What are the prime factors of n?
2, 101
Suppose -2*x = -0*x + 5*s - 1173, -3*x + 1802 = -s. What are the prime factors of x?
599
Let g(u) = 22*u - 1. Let z be (-3 + -1 - -4)/1. Suppose z = 4*l + 1 - 9. What are the prime factors of g(l)?
43
Suppose 3*p + 20 = -5*s, -2*s - p = -5*p - 18. Let d be 1*(5 - -1 - s). Let w = 41 + d. What are the prime factors of w?
2, 3
Suppose -2*i = 6*i - 496. Suppose 0 = -6*k + 514 + i. What are the prime factors of k?
2, 3
Suppose 5*v = -20 - 5, 4*v - 1270 = -5*n. Let i = n - 101. What are the prime factors of i?
157
Suppose 76*n + 6 = 73*n, -f = -2*n - 2060. List the prime factors of f.
2, 257
Let y(x) = -34*x + 35. Let k be y(-8). Suppose 3*q - k = 2*u, -u + 3*u = 2*q - 208. List the prime factors of q.
3, 11
Let y = -13 + 26. Let u = 23 - y. List the prime factors of 23/5 - (-4)/u.
5
Let g(b) = b + 500. Let x be g(0). Suppose -20*w = -15*w - x. List the prime factors of w.
2, 5
List the prime factors of 2 + 7/21*4407.
1471
Let g(u) = 15*u**3 - 7*u**2 + 9*u - 12. List the prime factors of g(4).
2, 109
Suppose 20*j - 9100 = 13*j. What are the prime factors of j?
2, 5, 13
Let a(z) = -z**2 - 7*z - 10. Let n be a(-2). List the prime factors of -7 + 190 + (1 + n - 0).
2, 23
Suppose -4*o + 1 + 11 = 0. Let l be 21 + o/3*-3. Suppose i = 5 + l. List the prime factors of i.
23
Let h = 3412 + -1804. What are the prime factors of h?
2, 3, 67
Suppose -5 = 5*k, -3*k - 38 = 4*z - 9*z. Let p(x) = 35*x + 82. List the prime factors of p(z).
3, 109
What are the prime factors of 15/((-90)/(-1848)) - 3?
5, 61
Suppose 2*z - 2*k = -6*k + 216, -5*z + k + 518 = 0. Suppose 0 = 4*y - z - 16. List the prime factors of y.
2, 3, 5
Suppose 4*n = 4, 3*d + n + n - 2378 = 0. Let k = -556 + d. List the prime factors of k.
2, 59
Suppose -4*d = 4*f - 288, -3*d - 40 = f - 104. Let l = 163 - 161. What are the prime factors of ((-3)/(-6))/(l/f)?
19
Let p(o) be the second derivative of -o**4/12 + 2*o**3 + 9*o**2/2 + 11*o. List the prime factors of p(10).
29
Suppose 0 = 2*s - s - p - 25, 4*s - 95 = -p. Let c = -21 + s. Suppose 0 = 4*g - 4*l - 36, -4*g + c*g - 2*l + 15 = 0. What are the prime factors of g?
11
Let a be (-2 + 3)*(-10)/(-2). Suppose -a*m + 97 = -148. What are the prime factors of m?
7
What are the prime factors of (1474/(-4))/(13/(-26))?
11, 67
Suppose -4*q - q = -j - 3100, 3*j - 604 = -q. List the prime factors of q.
619
Suppose 4*d - 26 = 2*t, -4*d + 7 + 18 = -t. Suppose 8*v = d*v + 106. What are the prime factors of v?
53
Let p = -300 - -731. List the prime factors of p.
431
Let o be -1*(5 + 1)*-21. Let z be (-15)/6*o/(-15). Suppose -32 - z = -d. List the prime factors of d.
53
Let q be (-21)/(-49) - 10/7. Let u be (q + 2)/((-3)/30). What are the prime factors of 2/(8/u - -1)?
2, 5
Let a be (-1)/5 + 472/(-40). Let y = a + 6. Let n(q) = -5*q - 3. List the prime factors of n(y).
3
Suppose 5*n = -3*t - 3, 2*n = -0*t + 2*t + 2. Let b(a) = -a**2 + 2*a + 73. List the prime factors of b(n).
73
Suppose 36*h - 15*h = 30408. What are the prime factors of h?
2, 181
Suppose -8 = -4*n - 0. Let t be (n + -1)*1 + 0. List the prime factors of t + 17 + 3 + -7.
2, 7
Suppose -5*f + 3 = -2. Let n(y) = f + y - 1 + 10. List the prime factors of n(6).
2
What are the prime factors of (-42)/(-28) - (147879/6)/(-9)?
2, 5, 137
Suppose -5*a - 3*m = 16, 0*a + 4*a = 2*m - 26. Let p be -90*(-1)/a*-8. Suppose 0 = 4*c + 8 - p. What are the prime factors of c?
2, 17
Suppose x = -113 - 317. Let l = x + -22. List the prime factors of l/(-12) - 3/(-9).
2, 19
Let i(h) = 13*h**2 - 61*h + 9 + h**3 - 73*h + 120*h. What are the prime factors of i(-14)?
3
Suppose 0*l + 2*l = 4*p + 2890, 3*l = 2*p + 4319. List the prime factors of l.
3, 479
Let p(f) = 2*f**2 + 5*f. Let u be p(-7). Let d = u + 9. What are the prime factors of d?
2, 3
Suppose -n + 4*t = -6, 2*n - t = 3*n + 19. Let a = n + 18. Suppose -2*w - m = -75, m = -a*w + 4*m + 145. List the prime factors of w.
37
Suppose -1 + 3 = r. List the prime factors of (-1 - r/(-1)) + 11.
2, 3
Let a(t) = 32*t**3 + 10*t**2 - 3*t - 14. What are the prime factors of a(4)?
2, 1091
Let o be (-10)/(18/(-3) - -4). Suppose o*v - 15 = 0, -4*v - 6 = -3*j - 6*v. Suppose 4*q - 5*l - 181 = -j*q, 2*l = 3*q - 134. What are the prime factors of q?
2, 11
Let c be 123/(-24) + 2/16. Let g(o) = o**2 - 5*o. Let h(q) = -3*q**2 + 9*q - 1. Let x(k) = c*g(k) - 2*h(k). List the prime factors of x(-11).
2, 23
Suppose -14*x = -8*x - 3624. What are the prime factors of x?
2, 151
Suppose -5*b + b + 322 = 2*p, -3*b - 2*p = -244. Let l = 3